{"id":15,"date":"2025-10-20T16:15:36","date_gmt":"2025-10-20T16:15:36","guid":{"rendered":"https:\/\/guerineau-avocat.fr\/?page_id=15"},"modified":"2025-10-25T12:57:00","modified_gmt":"2025-10-25T12:57:00","slug":"accueil","status":"publish","type":"page","link":"https:\/\/guerineau-avocat.fr\/","title":{"rendered":"Accueil"},"content":{"rendered":"\n<div class=\"wp-block-cover alignfull\" style=\"border-style:none;border-width:0px;border-radius:0px;min-height:410px;aspect-ratio:unset;\"><span aria-hidden=\"true\" class=\"wp-block-cover__background has-background-dim-100 has-background-dim\" style=\"background-color:#152048\"><\/span><div class=\"wp-block-cover__inner-container has-global-padding is-layout-constrained wp-block-cover-is-layout-constrained\">\n<div style=\"height:70px\" aria-hidden=\"true\" class=\"wp-block-spacer\"><\/div>\n\n\n\n<h2 class=\"wp-block-heading has-text-align-center has-text-color\" style=\"color:#ffffff;margin-bottom:0;font-size:clamp(33.419px, 2.089rem + ((1vw - 3.2px) * 3.021), 60px);font-style:normal;font-weight:400;line-height:1\">Virginie Guerineau<\/h2>\n\n\n\n<p><\/p>\n\n\n\n<h1 class=\"wp-block-heading has-text-align-center has-text-color\" style=\"color:#ffffff;margin-top:0px;margin-bottom:32px;font-size:clamp(33.419px, 2.089rem + ((1vw - 3.2px) * 3.021), 60px);font-style:normal;font-weight:400;line-height:0.8\">Avocat Droit Immobilier<\/h1>\n\n\n\n<p class=\"has-text-align-center has-text-color\" style=\"color:#ffffff;margin-bottom:2rem;font-size:clamp(14px, 0.875rem + ((1vw - 3.2px) * 0.227), 16px);\">Assistance juridique sur mesure pour vos projets immobiliers<\/p>\n\n\n\n<div class=\"wp-block-buttons is-content-justification-center is-layout-flex wp-container-core-buttons-is-layout-a89b3969 wp-block-buttons-is-layout-flex\">\n<div class=\"wp-block-button\"><a class=\"wp-block-button__link has-text-color has-background has-custom-font-size wp-element-button\" href=\"https:\/\/guerineau-avocat.fr\/index.php\/contact\/\" style=\"border-width:1px;color:#152048;background-color:#f6f6f6;padding-top:17px;padding-right:40px;padding-bottom:17px;padding-left:40px;font-size:14px;line-height:1\">Contact<\/a><\/div>\n<\/div>\n<\/div><\/div>\n\n\n\n<div class=\"wp-block-cover alignfull is-light has-custom-color-2-color has-text-color\" style=\"margin-top:0px;margin-bottom:0px;padding-top:100px;padding-right:20px;padding-bottom:100px;padding-left:20px\"><img decoding=\"async\" class=\"wp-block-cover__image-background\" alt=\"\" src=\"blob:https:\/\/guerineau-avocat.fr\/d667f8bb-500a-46f9-8377-e9b4cda5189f\" data-object-fit=\"cover\"\/><span aria-hidden=\"true\" class=\"wp-block-cover__background has-custom-color-1-background-color has-background-dim-0 has-background-dim\"><\/span><div class=\"wp-block-cover__inner-container has-global-padding is-layout-constrained wp-container-core-cover-is-layout-47630ab8 wp-block-cover-is-layout-constrained\">\n<h2 class=\"wp-block-heading has-text-align-center has-text-color\" style=\"color:#152048;margin-top:0px;margin-right:0px;margin-bottom:16px;margin-left:0px;font-size:clamp(24.034px, 1.502rem + ((1vw - 3.2px) * 1.814), 40px);font-style:normal;font-weight:400;line-height:1.2\">Services<\/h2>\n\n\n\n<hr class=\"wp-block-separator has-text-color has-alpha-channel-opacity has-background\" style=\"margin-top:0px;margin-bottom:50px;background-color:#222256;color:#222256\"\/>\n\n\n\n<div class=\"wp-block-columns is-layout-flex wp-container-core-columns-is-layout-13e94aa7 wp-block-columns-is-layout-flex\">\n<div class=\"wp-block-column is-layout-flow wp-container-core-column-is-layout-fe0e2ea3 wp-block-column-is-layout-flow\">\n<figure class=\"wp-block-image aligncenter size-full\"><img loading=\"lazy\" decoding=\"async\" width=\"640\" height=\"853\" src=\"https:\/\/guerineau-avocat.fr\/wp-content\/uploads\/2025\/10\/megan-bucknall-o49uRfALSiI-unsplash-edited.jpg\" alt=\"\" class=\"wp-image-33\" style=\"aspect-ratio:1;object-fit:cover\" srcset=\"https:\/\/guerineau-avocat.fr\/wp-content\/uploads\/2025\/10\/megan-bucknall-o49uRfALSiI-unsplash-edited.jpg 640w, https:\/\/guerineau-avocat.fr\/wp-content\/uploads\/2025\/10\/megan-bucknall-o49uRfALSiI-unsplash-edited-225x300.jpg 225w\" sizes=\"auto, (max-width: 640px) 100vw, 640px\" \/><\/figure>\n\n\n\n<h4 class=\"wp-block-heading has-text-color\" style=\"color:#232b54;margin-top:1.75rem;font-size:clamp(14px, 0.875rem + ((1vw - 3.2px) * 0.114), 15px);font-style:normal;font-weight:400\"><strong>Baux immobiliers<\/strong><\/h4>\n\n\n\n<p class=\"has-text-color\" style=\"color:#152048;margin-bottom:0rem;font-size:clamp(14px, 0.875rem + ((1vw - 3.2px) * 0.114), 15px);\">Baux commerciaux, civils, professionnels, d\u00e9rogatoires, contrats d&rsquo;occupation (en ce inclus leur cession, sous-location, renouvellement et r\u00e9siliation).<\/p>\n\n\n\n<p class=\"has-text-color\" style=\"color:#152048;margin-bottom:0rem;font-size:clamp(14px, 0.875rem + ((1vw - 3.2px) * 0.114), 15px);\">Baux d&rsquo;habitation (loi 1989, loi 1948).<\/p>\n\n\n\n<p><\/p>\n<\/div>\n\n\n\n<div class=\"wp-block-column is-layout-flow wp-container-core-column-is-layout-fe0e2ea3 wp-block-column-is-layout-flow\">\n<figure class=\"wp-block-image aligncenter size-full\"><img loading=\"lazy\" decoding=\"async\" width=\"640\" height=\"800\" src=\"https:\/\/guerineau-avocat.fr\/wp-content\/uploads\/2025\/10\/james-sullivan-ESZRBtkQ_f8-unsplash.jpg\" alt=\"\" class=\"wp-image-34\" style=\"aspect-ratio:1;object-fit:cover\" srcset=\"https:\/\/guerineau-avocat.fr\/wp-content\/uploads\/2025\/10\/james-sullivan-ESZRBtkQ_f8-unsplash.jpg 640w, https:\/\/guerineau-avocat.fr\/wp-content\/uploads\/2025\/10\/james-sullivan-ESZRBtkQ_f8-unsplash-240x300.jpg 240w\" sizes=\"auto, (max-width: 640px) 100vw, 640px\" \/><\/figure>\n\n\n\n<h4 class=\"wp-block-heading has-text-color\" style=\"color:#232b54;margin-top:1.75rem;font-size:clamp(14px, 0.875rem + ((1vw - 3.2px) * 0.114), 15px);font-style:normal;font-weight:400\"><strong>Construction<\/strong><\/h4>\n\n\n\n<p class=\"has-text-color\" style=\"color:#152048;margin-bottom:0rem;font-size:clamp(14px, 0.875rem + ((1vw - 3.2px) * 0.114), 15px);\">Contrats de construction, march\u00e9s de travaux, contrats de promotion immobili\u00e8re.<\/p>\n\n\n\n<p><\/p>\n<\/div>\n\n\n\n<div class=\"wp-block-column is-layout-flow wp-container-core-column-is-layout-fe0e2ea3 wp-block-column-is-layout-flow\">\n<figure class=\"wp-block-image aligncenter size-full\"><img loading=\"lazy\" decoding=\"async\" width=\"466\" height=\"640\" src=\"http:\/\/guerineau-avocat.fr\/wp-content\/uploads\/2025\/10\/mall-4007984_640.jpg\" alt=\"\" class=\"wp-image-156\" style=\"aspect-ratio:1;object-fit:cover\" srcset=\"https:\/\/guerineau-avocat.fr\/wp-content\/uploads\/2025\/10\/mall-4007984_640.jpg 466w, https:\/\/guerineau-avocat.fr\/wp-content\/uploads\/2025\/10\/mall-4007984_640-218x300.jpg 218w\" sizes=\"auto, (max-width: 466px) 100vw, 466px\" \/><\/figure>\n\n\n\n<h4 class=\"wp-block-heading has-text-color\" style=\"color:#232b54;margin-top:1.75rem;font-size:clamp(14px, 0.875rem + ((1vw - 3.2px) * 0.114), 15px);font-style:normal;font-weight:400\"><strong>Fonds de commerce<\/strong><\/h4>\n\n\n\n<p class=\"has-text-color\" style=\"color:#152048;margin-bottom:0rem;font-size:clamp(14px, 0.875rem + ((1vw - 3.2px) * 0.114), 15px);\">Promesse et acte r\u00e9it\u00e9ratif de cession de fonds de commerce.<br>Accompagnement dans la r\u00e9alisation de vos formalit\u00e9s.<\/p>\n\n\n\n<p><\/p>\n<\/div>\n\n\n\n<div class=\"wp-block-column is-layout-flow wp-container-core-column-is-layout-da1d6529 wp-block-column-is-layout-flow\">\n<figure class=\"wp-block-image aligncenter size-full\"><img loading=\"lazy\" decoding=\"async\" width=\"640\" height=\"960\" src=\"https:\/\/guerineau-avocat.fr\/wp-content\/uploads\/2025\/10\/kelly-sikkema-1YeQl23dvJI-unsplash.jpg\" alt=\"\" class=\"wp-image-36\" style=\"aspect-ratio:1;object-fit:cover\" srcset=\"https:\/\/guerineau-avocat.fr\/wp-content\/uploads\/2025\/10\/kelly-sikkema-1YeQl23dvJI-unsplash.jpg 640w, https:\/\/guerineau-avocat.fr\/wp-content\/uploads\/2025\/10\/kelly-sikkema-1YeQl23dvJI-unsplash-200x300.jpg 200w\" sizes=\"auto, (max-width: 640px) 100vw, 640px\" \/><\/figure>\n\n\n\n<h4 class=\"wp-block-heading has-text-color\" style=\"color:#232b54;margin-top:1.75rem;font-size:clamp(14px, 0.875rem + ((1vw - 3.2px) * 0.114), 15px);font-style:normal;font-weight:400\"><strong>Contentieux<\/strong><\/h4>\n\n\n\n<p class=\"has-text-color\" style=\"color:#152048;margin-bottom:0rem;font-size:clamp(14px, 0.875rem + ((1vw - 3.2px) * 0.114), 15px);\">Expertises, pr\u00e9-contentieux et contentieux li\u00e9s aux probl\u00e9matiques immobili\u00e8res.<\/p>\n<\/div>\n<\/div>\n<\/div><\/div>\n\n\n\n<div class=\"wp-block-group alignwide has-global-padding is-layout-constrained wp-container-core-group-is-layout-f860ca59 wp-block-group-is-layout-constrained\" style=\"border-style:none;border-width:0px;min-height:0px;padding-top:4.3rem;padding-right:0;padding-bottom:4.3rem;padding-left:0\">\n<div class=\"wp-block-columns is-layout-flex wp-container-core-columns-is-layout-0debf45c wp-block-columns-is-layout-flex\" style=\"margin-top:0;margin-bottom:0;padding-right:0;padding-left:0\">\n<div class=\"wp-block-column is-vertically-aligned-center is-layout-flow wp-block-column-is-layout-flow\" style=\"padding-right:1rem;padding-left:1rem;flex-basis:45%\">\n<figure class=\"wp-block-image aligncenter size-large is-resized wp-duotone-unset-1\" style=\"margin-top:0;margin-bottom:0\"><img loading=\"lazy\" decoding=\"async\" width=\"826\" height=\"1024\" src=\"https:\/\/guerineau-avocat.fr\/wp-content\/uploads\/2025\/10\/Capture-decran-2025-07-21-a-17.02.41-826x1024.png\" alt=\"\" class=\"wp-image-110\" style=\"width:302px\" srcset=\"https:\/\/guerineau-avocat.fr\/wp-content\/uploads\/2025\/10\/Capture-decran-2025-07-21-a-17.02.41-826x1024.png 826w, https:\/\/guerineau-avocat.fr\/wp-content\/uploads\/2025\/10\/Capture-decran-2025-07-21-a-17.02.41-242x300.png 242w, https:\/\/guerineau-avocat.fr\/wp-content\/uploads\/2025\/10\/Capture-decran-2025-07-21-a-17.02.41-768x952.png 768w, https:\/\/guerineau-avocat.fr\/wp-content\/uploads\/2025\/10\/Capture-decran-2025-07-21-a-17.02.41.png 952w\" sizes=\"auto, (max-width: 826px) 100vw, 826px\" \/><\/figure>\n<\/div>\n\n\n\n<div class=\"wp-block-column is-layout-flow wp-block-column-is-layout-flow\" style=\"padding-right:1rem;padding-left:1rem\">\n<div class=\"wp-block-group has-global-padding is-layout-constrained wp-container-core-group-is-layout-aa979423 wp-block-group-is-layout-constrained\" style=\"padding-top:1rem;padding-right:1rem;padding-bottom:1rem;padding-left:1rem\">\n<p><\/p>\n\n\n\n<p class=\"has-text-align-center has-text-color has-link-color wp-elements-4879fc554efcd6a441c94932b0fd0b97\" style=\"color:#152048;font-size:clamp(14px, 0.875rem + ((1vw - 3.2px) * 0.455), 18px);\">Apr\u00e8s plus de 7 ans d&rsquo;exp\u00e9rience dont 5 ans et demi au sein du cabinet Linklaters LLP, j&rsquo;exerce d\u00e9sormais mon activit\u00e9 de mani\u00e8re individuelle. <\/p>\n\n\n\n<p class=\"has-text-align-center has-text-color has-link-color wp-elements-914a20ca85d81665b9d2348c89543be8\" style=\"color:#152048;font-size:clamp(14px, 0.875rem + ((1vw - 3.2px) * 0.455), 18px);\">J&rsquo;accompagne r\u00e9guli\u00e8rement des fonds d&rsquo;investissements, fonci\u00e8res, soci\u00e9t\u00e9s et professionnels dans leurs probl\u00e9matiques immobili\u00e8res.<\/p>\n<\/div>\n<\/div>\n<\/div>\n<\/div>\n\n\n\n<div class=\"wp-block-cover alignfull has-custom-color-2-color has-text-color wp-duotone-unset-2\" style=\"margin-top:0;margin-bottom:0;padding-top:120px;padding-right:20px;padding-bottom:120px;padding-left:20px;min-height:50px;aspect-ratio:unset;\"><span aria-hidden=\"true\" class=\"wp-block-cover__background has-background-dim-100 has-background-dim\" style=\"background-color:#152048\"><\/span><div class=\"wp-block-cover__inner-container is-layout-flow wp-container-core-cover-is-layout-9ba5f024 wp-block-cover-is-layout-flow\">\n<div class=\"wp-block-buttons is-content-justification-center is-layout-flex wp-container-core-buttons-is-layout-a89b3969 wp-block-buttons-is-layout-flex\">\n<div class=\"wp-block-button\"><a class=\"wp-block-button__link has-text-color has-background has-custom-font-size wp-element-button\" href=\"https:\/\/guerineau-avocat.fr\/index.php\/contact\/\" style=\"border-width:1px;color:#152048;background-color:#e6e6e6;padding-top:17px;padding-right:40px;padding-bottom:17px;padding-left:40px;font-size:clamp(19.481px, 1.218rem + ((1vw - 3.2px) * 1.309), 31px);line-height:1\">Contact<\/a><\/div>\n<\/div>\n\n\n\n<p class=\"has-text-align-center has-text-color\" style=\"color:#e6e7ea;margin-bottom:2.5rem;font-size:clamp(14px, 0.875rem + ((1vw - 3.2px) * 0.341), 17px);font-style:normal;font-weight:400;line-height:1.9\">Contactez-moi pour une consultation personnalis\u00e9e d\u00e8s aujourd\u02bchui<\/p>\n<\/div><\/div>\n\n\n\n<p><\/p>\n","protected":false},"excerpt":{"rendered":"<p>Apr\u00e8s plus de 7 ans d&rsquo;exp\u00e9rience dont 5 ans et demi au sein du cabinet Linklaters LLP, j&rsquo;exerce d\u00e9sormais mon activit\u00e9 de mani\u00e8re individuelle. J&rsquo;accompagne r\u00e9guli\u00e8rement des fonds d&rsquo;investissements, fonci\u00e8res, soci\u00e9t\u00e9s et professionnels dans leurs probl\u00e9matiques immobili\u00e8res.<\/p>\n","protected":false},"author":1,"featured_media":0,"parent":0,"menu_order":0,"comment_status":"closed","ping_status":"closed","template":"","meta":{"footnotes":""},"class_list":["post-15","page","type-page","status-publish","hentry"],"_links":{"self":[{"href":"https:\/\/guerineau-avocat.fr\/index.php\/wp-json\/wp\/v2\/pages\/15","targetHints":{"allow":["GET"]}}],"collection":[{"href":"https:\/\/guerineau-avocat.fr\/index.php\/wp-json\/wp\/v2\/pages"}],"about":[{"href":"https:\/\/guerineau-avocat.fr\/index.php\/wp-json\/wp\/v2\/types\/page"}],"author":[{"embeddable":true,"href":"https:\/\/guerineau-avocat.fr\/index.php\/wp-json\/wp\/v2\/users\/1"}],"replies":[{"embeddable":true,"href":"https:\/\/guerineau-avocat.fr\/index.php\/wp-json\/wp\/v2\/comments?post=15"}],"version-history":[{"count":42,"href":"https:\/\/guerineau-avocat.fr\/index.php\/wp-json\/wp\/v2\/pages\/15\/revisions"}],"predecessor-version":[{"id":158,"href":"https:\/\/guerineau-avocat.fr\/index.php\/wp-json\/wp\/v2\/pages\/15\/revisions\/158"}],"wp:attachment":[{"href":"https:\/\/guerineau-avocat.fr\/index.php\/wp-json\/wp\/v2\/media?parent=15"}],"curies":[{"name":"wp","href":"https:\/\/api.w.org\/{rel}","templated":true}]}}